- -18. What are the prime factors of u?
2
Suppose -3*k + 3 = 0, 5*t + 11 = -4*k - 10. Let d be -2 + 1 + (-20)/t. Suppose -26 = -d*l - 4*o, -o - 18 = l - 5*o. What are the prime factors of l?
2
Let m = -4 + 9. Suppose w = s - 1, -5*s - 18 + 7 = 3*w. Let a = s + m. List the prime factors of a.
2
Suppose 4*h + 2*z + 138 = 0, -5*z - 42 = 5*h + 123. Let b = 54 + h. List the prime factors of b.
2, 3
Suppose -4*g + 106 + 26 = 0. Let r = g - 20. What are the prime factors of r?
13
Let f be (0 - 0) + (1 - -6). Suppose 5*m - f*m = -28. List the prime factors of m.
2, 7
Let x(h) = 3*h - 5. What are the prime factors of x(11)?
2, 7
List the prime factors of (-19)/95 + (-2)/(20/(-762)).
2, 19
Suppose -10*j + 15*j = 0. Suppose 2*o - 46 = -j*o. List the prime factors of o.
23
Let m(c) = -c**3 - 10*c**2 + 11*c. Suppose 2 + 9 = -o. Let h be m(o). Suppose -4*a + 36 + 12 = h. What are the prime factors of a?
2, 3
Let h be 0 + -1 - 42/(-2). Suppose 4*g + 0 = h. What are the prime factors of g?
5
Suppose 3*c = 5*c - 120. Suppose -q + 6*q - c = 0. List the prime factors of q.
2, 3
What are the prime factors of (-280)/(-6) - (-14)/(-21)?
2, 23
Let t(q) = -194*q + 3. What are the prime factors of t(-1)?
197
Suppose 3*r = 4*j - 40, r = 6*r + 20. Suppose 4*o - 2*l = 32 + 6, 3*o - 5*l - 39 = 0. Let z = o + j. What are the prime factors of z?
3, 5
Suppose -5*x + 3*x = -5*m + 1624, -m = 5*x - 314. What are the prime factors of m?
2, 3
Suppose -744 = 4*w - w + 4*n, -1240 = 5*w + n. List the prime factors of 2/10 + w/(-10).
5
Suppose -65 = -8*y + 63. List the prime factors of y.
2
Suppose 3*n - 5*n - 30 = 0. Let w = -10 - n. What are the prime factors of w?
5
Suppose l - 2*s = 3*s + 57, 4*l - s = 171. What are the prime factors of l?
2, 3, 7
Let s(u) = 111*u - 7. List the prime factors of s(2).
5, 43
Let v(u) = u**3 + 15*u**2 + 16. Let m be v(-15). What are the prime factors of 54/(-8)*m/(-6)?
2, 3
Suppose -2*u - 176 = -5*i + 20, -3*u = -4*i + 154. What are the prime factors of (i/(-6))/(3/(-9))?
2, 5
Suppose -3*r - 3*p = 9, -4*p = r + 3 + 6. List the prime factors of (2 - (17 - 0))*r.
3, 5
Let z = -214 + 436. What are the prime factors of z?
2, 3, 37
Let s(f) = f + 3. Let b be s(3). Let p = b - 2. List the prime factors of p.
2
Suppose 4*s - g - 89 = 77, 2*g + 45 = s. List the prime factors of s.
41
Suppose -o = -5*m + 24, 0 = m + 2*o - 1 + 5. Let h(k) = k**2 + 2*k + 1. Let c be h(-3). Suppose -a + c*z = 3, 2*z - 6 = m. What are the prime factors of a?
17
Let a = -102 + 290. List the prime factors of a.
2, 47
Let m(n) = n**2 + 12*n + 2. Let u(l) = -2*l**2 + 3*l + 2. Let f be u(-2). What are the prime factors of m(f)?
2
Let i(r) be the third derivative of r**5/60 + r**4/8 + r**3/2 - r**2. Let q be i(-6). Suppose 4*d = q - 9. What are the prime factors of d?
3
Let a(j) = 2*j**3 - 4*j + 3. Let q be a(2). Let o = 19 - q. What are the prime factors of -1 + -1 + o + -1?
5
Suppose 3*d - 2*d = -5*u + 165, u - 14 = -4*d. What are the prime factors of u?
2, 17
Let o(k) = -23*k - 18. List the prime factors of o(-6).
2, 3, 5
Let v be 9/6*2/3. Suppose -v + 4 = k. What are the prime factors of k?
3
Let v(j) = -4*j + 5. Let f be v(-5). Suppose 4*a - 145 = -f. What are the prime factors of a?
2, 3, 5
Let v(a) = -2*a - 12. Let w = 11 - 21. List the prime factors of v(w).
2
Let x(v) = v - 1. Let b be 234/(-30) + 1/(-5). Let l be x(b). Let j = l - -13. What are the prime factors of j?
2
Suppose 4*y + y + 50 = 0. Let h(i) be the second derivative of -i**3/6 - 3*i**2 - i. What are the prime factors of h(y)?
2
Let v = -4 + 6. Suppose -4*z = -v - 6. What are the prime factors of z?
2
Suppose 0 = 5*b + l + 3*l - 275, -4*l = -4*b + 184. Suppose -b = -3*p + 81. What are the prime factors of p?
2, 11
Let x(s) = 44*s**2 - 5*s + 4. List the prime factors of x(1).
43
Let a = 54 + -34. Suppose -p + a = -4*r, -2*p - 5*r = 3*p. List the prime factors of p.
2
List the prime factors of ((-1)/(-2))/((-3)/(-42)).
7
Let v = -117 - -220. Suppose -v = -3*j + 59. List the prime factors of j.
2, 3
Suppose 2*k = -2*k. Let v(i) = -4*i**3 + 5*i**2 - i + 6. Let p(t) = t**3 - t**2 + 1. Let h(j) = 5*p(j) + v(j). What are the prime factors of h(k)?
11
Suppose -2*l + 4*l - 170 = h, 0 = 5*h. What are the prime factors of l?
5, 17
Let b(x) = -2*x**2 + 7*x - 5. Let r be b(4). What are the prime factors of 1*(2 - r/3)?
5
Let f(i) = 21*i. Let g(t) = 22*t. Let j(n) = 3*f(n) - 2*g(n). List the prime factors of j(1).
19
List the prime factors of -1 - (21*-1 + 2).
2, 3
Suppose -2 + 11 = 3*r. Suppose -30 = -3*o - 3*i - r, o = -2*i + 14. What are the prime factors of o?
2
Let o(n) = -11*n**3 - 25*n**2 - 5*n + 13. Let g(x) = 5*x**3 + 12*x**2 + 3*x - 6. Let h(b) = 9*g(b) + 4*o(b). What are the prime factors of h(-6)?
2, 7
Let c = 2 + 1. Let u(l) = -c + 4*l**2 + 0*l**3 + 8 - l + l**3. What are the prime factors of u(-4)?
3
Suppose 0 = 2*o - 2 - 14. List the prime factors of o.
2
Let u(m) = m**2 - 6*m - 10. Suppose 24 = 3*h - h. Let g be (h/5)/(15/50). List the prime factors of u(g).
2, 3
List the prime factors of (108/(-21))/((-5)/105).
2, 3
Let n(g) = g**2 + 6*g - 2. Let j be n(-11). What are the prime factors of j - (-6)/(-2) - 2?
2, 3
Let k(y) be the second derivative of y**4/12 - 7*y**3/6 - 3*y**2 - 6*y. List the prime factors of k(9).
2, 3
Suppose 4*k - 3*k = 1. List the prime factors of 3*k/6*30.
3, 5
Let i(w) = 2*w**3 + 4*w + 3. Let h be i(-2). Let p = h - -49. Suppose -g - 3*z + 30 = 2*g, -3*g - 5*z + p = 0. What are the prime factors of g?
11
Let x be -1 - -2 - (-4 - -3). Suppose 0 = 5*v - 15, x*g - 2*v = 5*g - 15. What are the prime factors of g?
3
Suppose 0*k - 100 = -4*k. Suppose 3*t = -2*t + k. Suppose 0 = -r + t*r - 56. What are the prime factors of r?
2, 7
Suppose t + 3*t = 76. Let y = 30 - t. Suppose 0*l + l = y. What are the prime factors of l?
11
Suppose 40 = g - 2*b, -5*g = -0*b - 3*b - 179. List the prime factors of g.
2, 17
Suppose -116 - 241 = -3*f + 2*j, 0 = -2*j - 6. List the prime factors of f.
3, 13
Let x be -3 + 23 + 0 + -1. Suppose 2*r = 13 + x. List the prime factors of r.
2
Let w(i) = 5*i**3 - 3*i**2 - 4*i**3 - 4*i + 0*i**2 + 5. Let x be w(4). Let f = 2 + x. List the prime factors of f.
7
Let i(y) = -4*y - 1. Let u be i(-2). Suppose 0 = 4*k + u - 19. Suppose q + 16 = k*q. What are the prime factors of q?
2
Let z be (-4)/(-4)*(1 + 6). Suppose 0 = 5*p - z - 8. Let m(j) = -j**3 + 3*j**2 + 3*j + 1. List the prime factors of m(p).
2, 5
Let g(k) = 5*k**2. Let t be g(1). Suppose -72 = -t*n + 103. What are the prime factors of n?
5, 7
Let f(u) = u - 16. List the prime factors of f(18).
2
Let f = 526 + -323. What are the prime factors of f?
7, 29
Let z(t) = t**2 + 6*t - 7. Let n be z(-5). Suppose -12 = 3*w - 6*w. What are the prime factors of n*(-2 - (-5)/w)?
3
Let j(c) = -1 - 4*c + 0 - 5. Let p(b) = b**3 - 15*b**2 - 4. Let d be p(15). List the prime factors of j(d).
2, 5
Suppose 4 = p + 4*v - 7, -3*v = -2*p. What are the prime factors of p?
3
Let r(j) = 2 - j + 16*j**2 + 18*j**2 - 2*j. Let v be r(2). List the prime factors of v/30 + 4/(-10).
2
Let j(c) = -c**2 - 6*c + 4. Let l be j(-6). Suppose l*z - 54 = 2*z. What are the prime factors of z?
3
Let q = 124 + -49. What are the prime factors of q?
3, 5
Let l(r) be the first derivative of -r**4/4 + 8*r**3/3 - 9*r**2/2 + 5*r + 6. What are the prime factors of l(6)?
23
Let v(t) = 3*t. Let j be v(3). Let n = -6 + j. Suppose 0 = -n*w + 6. List the prime factors of w.
2
Let i(d) be the third derivative of d**6/120 - d**5/60 + 17*d**3/2 - 10*d**2. List the prime factors of i(0).
3, 17
Suppose 1171 - 233 = 7*b. List the prime factors of b.
2, 67
Suppose -3*f + 18 = -3*y - 0, 0 = -2*y - 8. Let l(w) = 3*w**2 - 2*w - 2*w**2 + 0*w**2 + w**3. List the prime factors of l(f).
2
Suppose 12 = 2*n - 50. List the prime factors of n.
31
Let h(x) = -x**2 + 3*x + 3. Let m be h(3). Suppose -2 = -m*k + 4. List the prime factors of k.
2
Let b(w) = 48*w**2 - 4*w - 6. List the prime factors of b(-2).
2, 97
Let v(k) = k**2 - 6*k + 5. Let f be v(6). Suppose -2*x - 2*z - 15 = 9, f*x + 4*z = -62. List the prime factors of x/8*8/(-1).
2, 7
Let a be 1 + -1 + (-72)/(-3). Suppose 4*r - a = -0*r. Let q = 18 - r. List the prime factors of q.
2, 3
Let j be 0 - 38 - 5/(-5). Let g = j + 74. What are 